is the remainder when 25447 is divided by 28?
23
What is the remainder when 636 is divided by 465?
171
What is the remainder when 172023 is divided by 31?
4
Calculate the remainder when 10806 is divided by 1404.
978
Calculate the remainder when 8407 is divided by 9.
1
What is the remainder when 158491 is divided by 127?
122
Calculate the remainder when 5157 is divided by 779.
483
Calculate the remainder when 417033 is divided by 21.
15
Calculate the remainder when 5313367 is divided by 46.
45
What is the remainder when 6634 is divided by 41?
33
Calculate the remainder when 608772 is divided by 1569.
0
Calculate the remainder when 83183 is divided by 127.
125
Calculate the remainder when 6865 is divided by 6860.
5
What is the remainder when 2904 is divided by 414?
6
What is the remainder when 39123 is divided by 421?
391
Calculate the remainder when 5512 is divided by 1095.
37
Calculate the remainder when 5208 is divided by 62.
0
What is the remainder when 518 is divided by 390?
128
What is the remainder when 33540 is divided by 123?
84
Calculate the remainder when 183751 is divided by 502.
19
Calculate the remainder when 14589 is divided by 3644.
13
Calculate the remainder when 5599 is divided by 778.
153
What is the remainder when 785 is divided by 765?
20
What is the remainder when 8134 is divided by 8122?
12
What is the remainder when 383 is divided by 73?
18
What is the remainder when 1244 is divided by 61?
24
Calculate the remainder when 644868 is divided by 8.
4
What is the remainder when 5707 is divided by 110?
97
Calculate the remainder when 891 is divided by 561.
330
What is the remainder when 24478 is divided by 169?
142
Calculate the remainder when 56640 is divided by 223.
221
Calculate the remainder when 3833 is divided by 1907.
19
What is the remainder when 1215 is divided by 436?
343
What is the remainder when 2499446 is divided by 113?
112
Calculate the remainder when 47938 is divided by 68.
66
Calculate the remainder when 10101 is divided by 4724.
653
Calculate the remainder when 31123 is divided by 3890.
3
What is the remainder when 4256495 is divided by 177?
176
Calculate the remainder when 2168007 is divided by 593.
592
What is the remainder when 13146 is divided by 273?
42
What is the remainder when 22681 is divided by 833?
190
What is the remainder when 2047 is divided by 104?
71
What is the remainder when 5270 is divided by 755?
740
What is the remainder when 1374105 is divided by 24?
9
Calculate the remainder when 4549 is divided by 2266.
17
What is the remainder when 34722 is divided by 41?
36
Calculate the remainder when 8365 is divided by 2787.
4
Calculate the remainder when 258124 is divided by 18434.
48
What is the remainder when 462422 is divided by 7340?
2
Calculate the remainder when 231228 is divided by 78.
36
What is the remainder when 21961 is divided by 1153?
54
What is the remainder when 72491 is divided by 28?
27
What is the remainder when 70903 is divided by 83?
21
Calculate the remainder when 5386 is divided by 1934.
1518
What is the remainder when 10142 is divided by 21?
20
Calculate the remainder when 7287 is divided by 51.
45
Calculate the remainder when 8625 is divided by 575.
0
What is the remainder when 1070111 is divided by 314?
313
What is the remainder when 25411 is divided by 12701?
9
Calculate the remainder when 58181 is divided by 431.
427
What is the remainder when 5846 is divided by 949?
152
Calculate the remainder when 314 is divided by 294.
20
Calculate the remainder when 50126 is divided by 50062.
64
Calculate the remainder when 1178 is divided by 363.
89
Calculate the remainder when 361 is divided by 3.
1
Calculate the remainder when 45055 is divided by 10.
5
What is the remainder when 60457 is divided by 7?
5
What is the remainder when 596314 is divided by 84?
82
Calculate the remainder when 40073 is divided by 218.
179
What is the remainder when 1217 is divided by 88?
73
Calculate the remainder when 7033 is divided by 53.
37
What is the remainder when 11674 is divided by 292?
286
What is the remainder when 39216 is divided by 552?
24
What is the remainder when 20301 is divided by 12?
9
What is the remainder when 2589 is divided by 183?
27
What is the remainder when 789595 is divided by 4?
3
What is the remainder when 1610 is divided by 1402?
208
Calculate the remainder when 209141 is divided by 360.
341
Calculate the remainder when 1609748 is divided by 10.
8
What is the remainder when 1001 is divided by 333?
2
What is the remainder when 138067 is divided by 169?
163
What is the remainder when 5340464 is divided by 135?
134
What is the remainder when 918 is divided by 286?
60
What is the remainder when 3595 is divided by 409?
323
What is the remainder when 139839 is divided by 152?
151
Calculate the remainder when 1077 is divided by 3.
0
Calculate the remainder when 115457 is divided by 10.
7
Calculate the remainder when 3515 is divided by 3372.
143
Calculate the remainder when 251998 is divided by 112.
110
What is the remainder when 100397 is divided by 502?
499
What is the remainder when 35562 is divided by 154?
142
Calculate the remainder when 1056745 is divided by 1022.
1019
Calculate the remainder when 6544 is divided by 573.
241
Calculate the remainder when 521 is divided by 58.
57
Calculate the remainder when 485596 is divided by 53953.
19
Calculate the remainder when 33498 is divided by 125.
123
Calculate the remainder when 14800 is divided by 105.
100
What is the remainder when 3684 is divided by 44?
32
What is the remainder when 11525 is divided by 27?
23
Calculate the remainder when 236 is divided by 112.
12
What is the remainder when 13519 is divided by 4459?
142
What is the remainder when 386521 is divided by 20?
1
What is the remainder when 3346 is divided by 825?
46
Calculate the remainder when 13801 is divided by 195.
151
What is the remainder when 132384 is divided by 46?
42
Calculate the remainder when 92093 is divided by 11506.
45
Calculate the remainder when 200673 is divided by 41.
19
What is the remainder when 9248 is divided by 60?
8
Calculate the remainder when 953 is divided by 932.
21
Calculate the remainder when 97661 is divided by 16.
13
Calculate the remainder when 52512 is divided by 204.
84
Calculate the remainder when 21316 is divided by 127.
107
Calculate the remainder when 581841 is divided by 193946.
3
Calculate the remainder when 40799 is divided by 54.
29
What is the remainder when 7402 is divided by 3671?
60
What is the remainder when 2004 is divided by 145?
119
Calculate the remainder when 3610 is divided by 1801.
8
Calculate the remainder when 4905 is divided by 206.
167
What is the remainder when 1786041 is divided by 214?
211
Calculate the remainder when 42460 is divided by 42.
40
Calculate the remainder when 7054 is divided by 969.
271
Calculate the remainder when 113957 is divided by 19.
14
Calculate the remainder when 4203 is divided by 2061.
81
Calculate the remainder when 11837 is divided by 275.
12
Calculate the remainder when 83208 is divided by 187.
180
Calculate the remainder when 13087 is divided by 364.
347
Calculate the remainder when 99232 is divided by 195.
172
What is the remainder when 1736395 is divided by 291?
289
Calculate the remainder when 56722 is divided by 29.
27
Calculate the remainder when 4866 is divided by 1845.
1176
Calculate the remainder when 117306 is divided by 11729.
16
Calculate the remainder when 21041 is divided by 2626.
33
What is the remainder when 7843812 is divided by 1298?
1296
Calculate the remainder when 9868 is divided by 105.
103
Calculate the remainder when 52751 is divided by 15.
11
What is the remainder when 44326 is divided by 25?
1
What is the remainder when 1209 is divided by 265?
149
What is the remainder when 2287 is divided by 130?
77
Calculate the remainder when 386804 is divided by 71.
67
What is the remainder when 82494 is divided by 11784?
6
What is the remainder when 355 is divided by 235?
120
Calculate the remainder when 708 is divided by 38.
24
Calculate the remainder when 1229 is divided by 64.
13
What is the remainder when 41147 is divided by 85?
7
What is the remainder when 4910 is divided by 1801?
1308
What is the remainder when 3493614 is divided by 16?
14
What is the remai